{"id":13545,"date":"2020-04-14T11:26:51","date_gmt":"2020-04-14T09:26:51","guid":{"rendered":"https:\/\/e-learningwaldorf.de\/?post_type=lp_course&#038;p=13545"},"modified":"2026-04-25T19:25:33","modified_gmt":"2026-04-25T17:25:33","slug":"medieneinsatz-und-medienkompetenz-im-sprachunterricht","status":"publish","type":"lp_course","link":"https:\/\/e-learningwaldorf.de\/en\/courses\/medieneinsatz-und-medienkompetenz-im-sprachunterricht\/","title":{"rendered":"Medieneinsatz und Media Literacy im Sprachunterricht"},"content":{"rendered":"<p>In diesem Kurs geht es um die Frage, wie sich traditionelle und moderne Medien im Fremdsprachenunterricht in einer sinnvollen Art und Weise kombinieren und einsetzen lassen, um nachhaltige Spracherwerbsprozesse zu erm\u00f6glichen und die Sch\u00fcler*innen in ihrer menschlichen Entwicklung zu unterst\u00fctzen. Die unterschiedlichen Qualit\u00e4ten der verschiedenen Medien werden genauer unter die Lupe genommen, um Fremdsprachenlehrkr\u00e4ften Kriterien an die Hand zu geben, die es ihnen erm\u00f6glichen zu entscheiden, welche Medien zu welchem Zweck und in welcher Altersgruppe sinnvoll eingesetzt werden k\u00f6nnen.<\/p>\n<p>Es geht um die Frage, wie die gesunde Entwicklung von Medienkompetenz bei den Sch\u00fcler*innen von Klasse 1 bis 12 unterst\u00fctzt werden und welchen Beitrag der Fremdsprachenunterricht hier leisten kann. Bei dieser vertikalen Betrachtung von Klasse 1 bis 12 gilt es stets die besonderen Bed\u00fcrfnisse und M\u00f6glichkeiten der verschiedenen Altersstufen angemessen zu ber\u00fccksichtigen. Wir vertreten die Ansicht, dass die Entwicklung von Medienkompetenz und das Verst\u00e4ndnis f\u00fcr digitale Medien bei Jugendlichen auf einem bewussten Umgang der Lehrkr\u00e4fte mit Geschichten und Bildern in den ersten Klassenstufen aufbaut.<\/p>\n<p>In den ersten f\u00fcnf Wochen des Kurses werden wir eine Vielzahl von Materialien anbieten: didaktische \u00dcberlegungen zur Rolle der Medien, p\u00e4dagogische Hintergrundinformationen, geteilte Beispiele guter Praxis und methodisches Material. Die fortlaufenden \u201aJournaling\u2018 Aufgaben laden Sie zur schriftlichen Reflektion ein und verfolgen damit das Ziel, mit den neuen Informationen direkt an das eigene Erleben und die eigene Unterrichtserfahrung anzukn\u00fcpfen.<\/p>\n<p>Lernen ist vor allem auch eine soziale Aktivit\u00e4t. So wird durch die Teilnahme am kollegialen Austausch die Chance einer nachhaltigen Ver\u00e4nderung der eigenen Unterrichtspraxis enorm gef\u00f6rdert. Deshalb stellt der Austausch unter den Teilnehmenden einen wichtigen Aspekt des Kurses dar. In einem Artikel in der Huffington Post spricht Otto Scharmer (Theorie U) \u00fcber die Herausforderung, die Schlucht zwischen Wissen und Tun zu \u00fcberwinden, die Viele von uns nur zu gut kennen. Wir laden Sie deshalb ein, durch den regelm\u00e4\u00dfigen Gebrauch einiger p\u00e4dagogischer Werkzeuge, wie z.B. die Methode der Praxisforschung oder den kollegialen Gespr\u00e4chskreis, im Laufe des Kurses Gewohnheiten zu entwickeln, die Sie dann auch hinterher weiter f\u00fchren k\u00f6nnen. Schlie\u00dflich reicht es nicht, gute Ideen zu haben, sie m\u00fcssen auch den Weg ins Klassenzimmer finden. Der Kurs macht Vorschl\u00e4ge f\u00fcr pers\u00f6nliche Forschungsfragen, anhand derer Sie Erfahrungen sammeln k\u00f6nnen. Durch den kollegialen Austausch tragen Sie dar\u00fcber hinaus zum Wachsen einer lernenden Gemeinschaft bei.<\/p>\n<p><strong>Aktuelle Anmerkungen zum Kurs:<\/strong><\/p>\n<p>Der Kurs ist eine \u00dcbersetzung des englisch-sprachigen Kurses. Deshalb sind die Videos derzeit (leider) alle noch auf Englisch. Wir arbeiten daran, auch deutschsprachige Videos zu erstellen.<\/p>\n<p>Der Kurs befindet sich noch in der \u00dcbersetzungsphase, deshalb werden die einzelnen Kapitel &#8220;wochenweise&#8221; freigegeben.<\/p>\n","protected":false},"excerpt":{"rendered":"<p>In diesem Kurs geht es um die Frage, wie sich traditionelle und moderne Medien im Fremdsprachenunterricht in einer sinnvollen Art [&hellip;]<\/p>\n","protected":false},"author":13,"featured_media":22929,"comment_status":"open","ping_status":"closed","template":"","age_group":[],"course_category":[1137,1143,1140,1078,1142],"course_tag":[],"class_list":["post-13545","lp_course","type-lp_course","status-publish","has-post-thumbnail","hentry","ts-skill-label-all-levels","course_language-deutsch","course_category-erfahrungsraum","course_category-faecher","course_category-kreativitaet","course_category-medienpaedagogik","course_category-sprachen","course"],"_links":{"self":[{"href":"https:\/\/e-learningwaldorf.de\/en\/wp-json\/wp\/v2\/lp_course\/13545","targetHints":{"allow":["GET"]}}],"collection":[{"href":"https:\/\/e-learningwaldorf.de\/en\/wp-json\/wp\/v2\/lp_course"}],"about":[{"href":"https:\/\/e-learningwaldorf.de\/en\/wp-json\/wp\/v2\/types\/lp_course"}],"author":[{"embeddable":true,"href":"https:\/\/e-learningwaldorf.de\/en\/wp-json\/wp\/v2\/users\/13"}],"replies":[{"embeddable":true,"href":"https:\/\/e-learningwaldorf.de\/en\/wp-json\/wp\/v2\/comments?post=13545"}],"version-history":[{"count":0,"href":"https:\/\/e-learningwaldorf.de\/en\/wp-json\/wp\/v2\/lp_course\/13545\/revisions"}],"wp:featuredmedia":[{"embeddable":true,"href":"https:\/\/e-learningwaldorf.de\/en\/wp-json\/wp\/v2\/media\/22929"}],"wp:attachment":[{"href":"https:\/\/e-learningwaldorf.de\/en\/wp-json\/wp\/v2\/media?parent=13545"}],"wp:term":[{"taxonomy":"age_group","embeddable":true,"href":"https:\/\/e-learningwaldorf.de\/en\/wp-json\/wp\/v2\/age_group?post=13545"},{"taxonomy":"course_category","embeddable":true,"href":"https:\/\/e-learningwaldorf.de\/en\/wp-json\/wp\/v2\/course_category?post=13545"},{"taxonomy":"course_tag","embeddable":true,"href":"https:\/\/e-learningwaldorf.de\/en\/wp-json\/wp\/v2\/course_tag?post=13545"}],"curies":[{"name":"wp","href":"https:\/\/api.w.org\/{rel}","templated":true}]}}

<p>In diesem Kurs geht es um die Frage, wie sich traditionelle und moderne Medien im Fremdsprachenunterricht in einer sinnvollen Art und Weise kombinieren und einsetzen lassen, um nachhaltige Spracherwerbsprozesse zu ermöglichen und die Schüler*innen in ihrer menschlichen Entwicklung zu unterstützen. Die unterschiedlichen Qualitäten der verschiedenen Medien werden genauer unter die Lupe genommen, um Fremdsprachenlehrkräften Kriterien an die Hand zu geben, die es ihnen ermöglichen zu entscheiden, welche Medien zu welchem Zweck und in welcher Altersgruppe sinnvoll eingesetzt werden können.</p>
<p>Es geht um die Frage, wie die gesunde Entwicklung von Medienkompetenz bei den Schüler*innen von Klasse 1 bis 12 unterstützt werden und welchen Beitrag der Fremdsprachenunterricht hier leisten kann. Bei dieser vertikalen Betrachtung von Klasse 1 bis 12 gilt es stets die besonderen Bedürfnisse und Möglichkeiten der verschiedenen Altersstufen angemessen zu berücksichtigen. Wir vertreten die Ansicht, dass die Entwicklung von Medienkompetenz und das Verständnis für digitale Medien bei Jugendlichen auf einem bewussten Umgang der Lehrkräfte mit Geschichten und Bildern in den ersten Klassenstufen aufbaut.</p>
<p>In den ersten fünf Wochen des Kurses werden wir eine Vielzahl von Materialien anbieten: didaktische Überlegungen zur Rolle der Medien, pädagogische Hintergrundinformationen, geteilte Beispiele guter Praxis und methodisches Material. Die fortlaufenden ‚Journaling‘ Aufgaben laden Sie zur schriftlichen Reflektion ein und verfolgen damit das Ziel, mit den neuen Informationen direkt an das eigene Erleben und die eigene Unterrichtserfahrung anzuknüpfen.</p>
<p>Lernen ist vor allem auch eine soziale Aktivität. So wird durch die Teilnahme am kollegialen Austausch die Chance einer nachhaltigen Veränderung der eigenen Unterrichtspraxis enorm gefördert. Deshalb stellt der Austausch unter den Teilnehmenden einen wichtigen Aspekt des Kurses dar. In einem Artikel in der Huffington Post spricht Otto Scharmer (Theorie U) über die Herausforderung, die Schlucht zwischen Wissen und Tun zu überwinden, die Viele von uns nur zu gut kennen. Wir laden Sie deshalb ein, durch den regelmäßigen Gebrauch einiger pädagogischer Werkzeuge, wie z.B. die Methode der Praxisforschung oder den kollegialen Gesprächskreis, im Laufe des Kurses Gewohnheiten zu entwickeln, die Sie dann auch hinterher weiter führen können. Schließlich reicht es nicht, gute Ideen zu haben, sie müssen auch den Weg ins Klassenzimmer finden. Der Kurs macht Vorschläge für persönliche Forschungsfragen, anhand derer Sie Erfahrungen sammeln können. Durch den kollegialen Austausch tragen Sie darüber hinaus zum Wachsen einer lernenden Gemeinschaft bei.</p>
<p><strong>Aktuelle Anmerkungen zum Kurs:</strong></p>
<p>Der Kurs ist eine Übersetzung des englisch-sprachigen Kurses. Deshalb sind die Videos derzeit (leider) alle noch auf Englisch. Wir arbeiten daran, auch deutschsprachige Videos zu erstellen.</p>
<p>Der Kurs befindet sich noch in der Übersetzungsphase, deshalb werden die einzelnen Kapitel &#8220;wochenweise&#8221; freigegeben.</p>
