{"id":315191,"date":"2023-09-10T18:24:51","date_gmt":"2023-09-10T16:24:51","guid":{"rendered":"https:\/\/e-learningwaldorf.de\/?post_type=lp_course&#038;p=315191"},"modified":"2026-04-25T18:58:46","modified_gmt":"2026-04-25T16:58:46","slug":"rassismussensibilisierung-in-waldorfschulen","status":"publish","type":"lp_course","link":"https:\/\/e-learningwaldorf.de\/en\/courses\/rassismussensibilisierung-in-waldorfschulen\/","title":{"rendered":"Rassismussensibilisierung in Waldorfschulen"},"content":{"rendered":"<blockquote><p><em>It is not our differences that divide us. It is our inability to recognize, accept, and celebrate those differences.\u00a0\u00a0\u00a0\u00a0\u00a0\u00a0\u00a0\u00a0\u00a0 Audre Lorde <\/em><\/p><\/blockquote>\n<p>Diese interaktive Online-Schulung richtet sich an Waldorfp\u00e4dagog*innen, die ein Interesse daran haben, Waldorfp\u00e4dagogik inklusiver zu gestalten und ihre eigene Praxis kritisch zu hinterfragen. Gemeinsam werden wir uns auf eine rassismuskritische Reise begeben und uns mit Themen wie der Entwicklung von Vorurteilen, dem Umgang mit rassistischen Vorf\u00e4llen, Macht und Sprache, Privilegien, diskriminierungskritischem inklusivem Unterricht, Allyship und Empowerment auseinandersetzen.<\/p>\n<p>Auf dem Weg zu einer Schule, in der sich grunds\u00e4tzlich alle Menschen wohl, gesehen und repr\u00e4sentiert f\u00fchlen, wollen wir uns \u00fcber die speziellen Herausforderungen, aber auch Potentiale der Waldorfp\u00e4dagogik austauschen.<\/p>\n<p>Wir freuen uns auf einen anregenden Austausch!<\/p>\n<p>Mirjam Nuenning und Maria Umbach<\/p>\n<p>Der Kurs lief im letzten Schuljahr. Derzeit stehen lediglich die Materialien zur Verf\u00fcgung.<\/p>\n<p>&nbsp;<\/p>\n","protected":false},"excerpt":{"rendered":"<p>It is not our differences that divide us. It is our inability to recognize, accept, and celebrate those differences.\u00a0\u00a0\u00a0\u00a0\u00a0\u00a0\u00a0\u00a0\u00a0 Audre [&hellip;]<\/p>\n","protected":false},"author":1452,"featured_media":318352,"comment_status":"open","ping_status":"closed","template":"","age_group":[],"course_category":[1085,1139,1144],"course_tag":[],"class_list":["post-315191","lp_course","type-lp_course","status-publish","has-post-thumbnail","hentry","ts-skill-label-all-levels","course_language-deutsch","course_category-waldorflernt","course_category-denkraum","course_category-themen","course"],"_links":{"self":[{"href":"https:\/\/e-learningwaldorf.de\/en\/wp-json\/wp\/v2\/lp_course\/315191","targetHints":{"allow":["GET"]}}],"collection":[{"href":"https:\/\/e-learningwaldorf.de\/en\/wp-json\/wp\/v2\/lp_course"}],"about":[{"href":"https:\/\/e-learningwaldorf.de\/en\/wp-json\/wp\/v2\/types\/lp_course"}],"author":[{"embeddable":true,"href":"https:\/\/e-learningwaldorf.de\/en\/wp-json\/wp\/v2\/users\/1452"}],"replies":[{"embeddable":true,"href":"https:\/\/e-learningwaldorf.de\/en\/wp-json\/wp\/v2\/comments?post=315191"}],"version-history":[{"count":0,"href":"https:\/\/e-learningwaldorf.de\/en\/wp-json\/wp\/v2\/lp_course\/315191\/revisions"}],"wp:featuredmedia":[{"embeddable":true,"href":"https:\/\/e-learningwaldorf.de\/en\/wp-json\/wp\/v2\/media\/318352"}],"wp:attachment":[{"href":"https:\/\/e-learningwaldorf.de\/en\/wp-json\/wp\/v2\/media?parent=315191"}],"wp:term":[{"taxonomy":"age_group","embeddable":true,"href":"https:\/\/e-learningwaldorf.de\/en\/wp-json\/wp\/v2\/age_group?post=315191"},{"taxonomy":"course_category","embeddable":true,"href":"https:\/\/e-learningwaldorf.de\/en\/wp-json\/wp\/v2\/course_category?post=315191"},{"taxonomy":"course_tag","embeddable":true,"href":"https:\/\/e-learningwaldorf.de\/en\/wp-json\/wp\/v2\/course_tag?post=315191"}],"curies":[{"name":"wp","href":"https:\/\/api.w.org\/{rel}","templated":true}]}}

<blockquote><p><em>It is not our differences that divide us. It is our inability to recognize, accept, and celebrate those differences.          Audre Lorde </em></p></blockquote>
<p>Diese interaktive Online-Schulung richtet sich an Waldorfpädagog*innen, die ein Interesse daran haben, Waldorfpädagogik inklusiver zu gestalten und ihre eigene Praxis kritisch zu hinterfragen. Gemeinsam werden wir uns auf eine rassismuskritische Reise begeben und uns mit Themen wie der Entwicklung von Vorurteilen, dem Umgang mit rassistischen Vorfällen, Macht und Sprache, Privilegien, diskriminierungskritischem inklusivem Unterricht, Allyship und Empowerment auseinandersetzen.</p>
<p>Auf dem Weg zu einer Schule, in der sich grundsätzlich alle Menschen wohl, gesehen und repräsentiert fühlen, wollen wir uns über die speziellen Herausforderungen, aber auch Potentiale der Waldorfpädagogik austauschen.</p>
<p>Wir freuen uns auf einen anregenden Austausch!</p>
<p>Mirjam Nuenning und Maria Umbach</p>
<p>Der Kurs lief im letzten Schuljahr. Derzeit stehen lediglich die Materialien zur Verfügung.</p>
<p>&nbsp;</p>
