{"id":8427,"date":"2018-06-27T09:31:04","date_gmt":"2018-06-27T07:31:04","guid":{"rendered":"https:\/\/e-learningwaldorf.de\/?post_type=lp_course&#038;p=8427"},"modified":"2026-04-25T19:31:12","modified_gmt":"2026-04-25T17:31:12","slug":"inklusion-leben-und-verstehen","status":"publish","type":"lp_course","link":"https:\/\/e-learningwaldorf.de\/en\/courses\/inklusion-leben-und-verstehen\/","title":{"rendered":"Inklusion leben und verstehen"},"content":{"rendered":"<p>Inklusion ist ein phantastischer Hoffnungsschimmer, um unser gemeinsames Leben in der Vielfalt unserer Gesellschaft zu \u00fcberdenken. Wenn wir uns dem Thema Inklusion n\u00e4hern stellen wir fest, dass kein Weg daran vorbeif\u00fchrt bei uns selbst zu beginnen. Um in einer heterogenen Gesellschaft leben und arbeiten zu k\u00f6nnen, deren Entwicklung zu begleiten und voranzubringen, m\u00fcssen wir uns mit unseren eigenen Fragen besch\u00e4ftigen und k\u00f6nnen nur von hier aus starten, unsere Handlungen zu \u00fcberdenken und unser Denken neu auszurichten. Insofern k\u00f6nnte der Kurs den Horizont des M\u00f6glichen erweitern.<\/p>\n<p>Der Basiskurs \u201eInklusion leben und verstehen\u201c begleitet P\u00e4dagog*innen \u00fcber sechs Wochen auf ihren ersten Schritten in der Auseinandersetzung mit dem Thema Leben und Arbeiten in und mit heterogenen Gruppen. Hierbei werden zun\u00e4chst ausgew\u00e4hlte philosophische und menschenrechtliche Grundlagen thematisiert. Im Anschluss werden methodische und didaktische Fragestellungen vertieft. Die Frage der Organisationsentwicklung schlie\u00dft diesen Kurs ab.<\/p>\n<p>In einem sechsw\u00f6chigen Aufbaukurs werden dann diagnostische Fragestellungen aus der Perspektive der Entwicklung des Kindes und deren Begleitung betrachtet werden. Weitere Bausteine des f\u00fcr Februar 2019 geplanten Kurses sind \u201eKooperation, Beratung und Netzwerk\u201c sowie \u201eau\u00dferschulische Fragestellungen\u201c.<\/p>\n","protected":false},"excerpt":{"rendered":"<p>Inklusion ist ein phantastischer Hoffnungsschimmer, um unser gemeinsames Leben in der Vielfalt unserer Gesellschaft zu \u00fcberdenken. Wenn wir uns dem [&hellip;]<\/p>\n","protected":false},"author":14,"featured_media":22854,"comment_status":"open","ping_status":"closed","template":"","age_group":[],"course_category":[],"course_tag":[],"class_list":["post-8427","lp_course","type-lp_course","status-publish","has-post-thumbnail","hentry","ts-skill-label-all-levels","course_language-deutsch","course"],"_links":{"self":[{"href":"https:\/\/e-learningwaldorf.de\/en\/wp-json\/wp\/v2\/lp_course\/8427","targetHints":{"allow":["GET"]}}],"collection":[{"href":"https:\/\/e-learningwaldorf.de\/en\/wp-json\/wp\/v2\/lp_course"}],"about":[{"href":"https:\/\/e-learningwaldorf.de\/en\/wp-json\/wp\/v2\/types\/lp_course"}],"author":[{"embeddable":true,"href":"https:\/\/e-learningwaldorf.de\/en\/wp-json\/wp\/v2\/users\/14"}],"replies":[{"embeddable":true,"href":"https:\/\/e-learningwaldorf.de\/en\/wp-json\/wp\/v2\/comments?post=8427"}],"version-history":[{"count":0,"href":"https:\/\/e-learningwaldorf.de\/en\/wp-json\/wp\/v2\/lp_course\/8427\/revisions"}],"wp:featuredmedia":[{"embeddable":true,"href":"https:\/\/e-learningwaldorf.de\/en\/wp-json\/wp\/v2\/media\/22854"}],"wp:attachment":[{"href":"https:\/\/e-learningwaldorf.de\/en\/wp-json\/wp\/v2\/media?parent=8427"}],"wp:term":[{"taxonomy":"age_group","embeddable":true,"href":"https:\/\/e-learningwaldorf.de\/en\/wp-json\/wp\/v2\/age_group?post=8427"},{"taxonomy":"course_category","embeddable":true,"href":"https:\/\/e-learningwaldorf.de\/en\/wp-json\/wp\/v2\/course_category?post=8427"},{"taxonomy":"course_tag","embeddable":true,"href":"https:\/\/e-learningwaldorf.de\/en\/wp-json\/wp\/v2\/course_tag?post=8427"}],"curies":[{"name":"wp","href":"https:\/\/api.w.org\/{rel}","templated":true}]}}

<p>Inklusion ist ein phantastischer Hoffnungsschimmer, um unser gemeinsames Leben in der Vielfalt unserer Gesellschaft zu überdenken. Wenn wir uns dem Thema Inklusion nähern stellen wir fest, dass kein Weg daran vorbeiführt bei uns selbst zu beginnen. Um in einer heterogenen Gesellschaft leben und arbeiten zu können, deren Entwicklung zu begleiten und voranzubringen, müssen wir uns mit unseren eigenen Fragen beschäftigen und können nur von hier aus starten, unsere Handlungen zu überdenken und unser Denken neu auszurichten. Insofern könnte der Kurs den Horizont des Möglichen erweitern.</p>
<p>Der Basiskurs „Inklusion leben und verstehen“ begleitet Pädagog*innen über sechs Wochen auf ihren ersten Schritten in der Auseinandersetzung mit dem Thema Leben und Arbeiten in und mit heterogenen Gruppen. Hierbei werden zunächst ausgewählte philosophische und menschenrechtliche Grundlagen thematisiert. Im Anschluss werden methodische und didaktische Fragestellungen vertieft. Die Frage der Organisationsentwicklung schließt diesen Kurs ab.</p>
<p>In einem sechswöchigen Aufbaukurs werden dann diagnostische Fragestellungen aus der Perspektive der Entwicklung des Kindes und deren Begleitung betrachtet werden. Weitere Bausteine des für Februar 2019 geplanten Kurses sind „Kooperation, Beratung und Netzwerk“ sowie „außerschulische Fragestellungen“.</p>

<p>Inklusion ist ein phantastischer Hoffnungsschimmer, um unser gemeinsames Leben in der Vielfalt unserer Gesellschaft zu überdenken. Wenn wir uns dem [&hellip;]</p>
